{"id":626,"date":"2016-05-02T14:37:35","date_gmt":"2016-05-02T17:37:35","guid":{"rendered":"http:\/\/www.bcc.unifal-mg.edu.br\/wordpress\/?page_id=626"},"modified":"2021-11-08T18:53:38","modified_gmt":"2021-11-08T18:53:38","slug":"projetos-de-extensao","status":"publish","type":"page","link":"https:\/\/www.bcc.unifal-mg.edu.br\/portal\/extensao\/projetos-de-extensao\/","title":{"rendered":"Projetos"},"content":{"rendered":"<p>As atividades de <strong>extens\u00e3o<\/strong>\u00a0s\u00e3o de grande import\u00e2ncia na Universidade, pois permitem a intera\u00e7\u00e3o desta com a comunidade na qual est\u00e1 inserida, propiciando assim benef\u00edcios para a comunidade em geral e para a pr\u00f3pria Universidade.<\/p>\n<p>Independente de participa\u00e7\u00e3o ou cria\u00e7\u00e3o de um novo projeto de Extens\u00e3o, os alunos e docentes devem seguir um conjunto de passos para validar a atividade de extens\u00e3o.<\/p>\n<p>Mais informa\u00e7\u00f5es est\u00e3o dispon\u00edveis no site da <a href=\"https:\/\/www.unifal-mg.edu.br\/extensao\/\" target=\"_blank\" rel=\"noopener\">Pr\u00f3-Reitoria de Extens\u00e3o<\/a>.<\/p>\n","protected":false},"excerpt":{"rendered":"<p>As atividades de extens\u00e3o\u00a0s\u00e3o de grande import\u00e2ncia na Universidade, pois permitem a intera\u00e7\u00e3o desta com a comunidade na qual est\u00e1 inserida, propiciando assim benef\u00edcios para a comunidade em geral e para a pr\u00f3pria Universidade. Independente de participa\u00e7\u00e3o ou cria\u00e7\u00e3o de um novo projeto de Extens\u00e3o, os alunos e docentes devem seguir um conjunto de passos <a class=\"more-link\" href=\"https:\/\/www.bcc.unifal-mg.edu.br\/portal\/extensao\/projetos-de-extensao\/\">Leia mais&#8230; &raquo;<\/a><\/p>\n","protected":false},"author":1,"featured_media":0,"parent":633,"menu_order":0,"comment_status":"closed","ping_status":"closed","template":"","meta":[],"_links":{"self":[{"href":"https:\/\/www.bcc.unifal-mg.edu.br\/portal\/wp-json\/wp\/v2\/pages\/626"}],"collection":[{"href":"https:\/\/www.bcc.unifal-mg.edu.br\/portal\/wp-json\/wp\/v2\/pages"}],"about":[{"href":"https:\/\/www.bcc.unifal-mg.edu.br\/portal\/wp-json\/wp\/v2\/types\/page"}],"author":[{"embeddable":true,"href":"https:\/\/www.bcc.unifal-mg.edu.br\/portal\/wp-json\/wp\/v2\/users\/1"}],"replies":[{"embeddable":true,"href":"https:\/\/www.bcc.unifal-mg.edu.br\/portal\/wp-json\/wp\/v2\/comments?post=626"}],"version-history":[{"count":4,"href":"https:\/\/www.bcc.unifal-mg.edu.br\/portal\/wp-json\/wp\/v2\/pages\/626\/revisions"}],"predecessor-version":[{"id":1187,"href":"https:\/\/www.bcc.unifal-mg.edu.br\/portal\/wp-json\/wp\/v2\/pages\/626\/revisions\/1187"}],"up":[{"embeddable":true,"href":"https:\/\/www.bcc.unifal-mg.edu.br\/portal\/wp-json\/wp\/v2\/pages\/633"}],"wp:attachment":[{"href":"https:\/\/www.bcc.unifal-mg.edu.br\/portal\/wp-json\/wp\/v2\/media?parent=626"}],"curies":[{"name":"wp","href":"https:\/\/api.w.org\/{rel}","templated":true}]}}