{"id":195,"date":"2016-03-17T11:35:07","date_gmt":"2016-03-17T14:35:07","guid":{"rendered":"http:\/\/localhost\/wordpress\/?page_id=195"},"modified":"2021-11-08T17:57:36","modified_gmt":"2021-11-08T17:57:36","slug":"historia","status":"publish","type":"page","link":"https:\/\/www.bcc.unifal-mg.edu.br\/portal\/graduacao\/historia\/","title":{"rendered":"Hist\u00f3ria"},"content":{"rendered":"<p class=\"Textbody\"><span style=\"color: #404040;\">O Curso de Ci\u00eancia da Computa\u00e7\u00e3o \u2013 Bacharelado (BCC), na UNIFAL-MG, foi aprovado pelo Conselho Superior em sua 5\u00aa reuni\u00e3o realizada em 20\/03\/2006, pela Resolu\u00e7\u00e3o N\u00ba 008\/2006. O corpo docente \u00e9 composto por 12 professores, considerando-se somente os respons\u00e1veis por disciplinas espec\u00edficas da Ci\u00eancia da Computa\u00e7\u00e3o.<\/span><\/p>\n<p class=\"Textbody\" style=\"margin-bottom: 15.0pt; text-align: justify;\"><span style=\"color: #404040;\">A primeira turma ingressou no ano de 2006, no segundo semestre (2006\/2). As duas turmas seguintes ingressaram respectivamente em 2007\/2 e 2008\/2. \u00c0 partir do ano de 2010, o ingresso passou a ser no primeiro semestre (2010\/1), caracter\u00edstica essa mantida at\u00e9 os dias atuais. A forma de ingresso em todos os cursos da universidade ocorre atrav\u00e9s da nota do ENEM.<\/span><\/p>\n<p class=\"Textbody\" style=\"margin-bottom: 15.0pt; text-align: justify;\"><span style=\"color: #404040;\">A estrutura f\u00edsica do curso tamb\u00e9m passa por constante evolu\u00e7\u00e3o, sendo composta por dois laborat\u00f3rios de uso geral, que juntos totalizam 60 computadores DELL com processador i7 e 16 GB de mem\u00f3ria RAM; e 4 laborat\u00f3rios de pesquisas para as diversas \u00e1reas da Ci\u00eancia da Computa\u00e7\u00e3o. Tais laborat\u00f3rios desempenham papel fundamental no apoio ao desenvolvimento de projetos de inicia\u00e7\u00e3o cient\u00edfica e trabalhos de conclus\u00e3o de curso.<\/span><\/p>\n<p class=\"Textbody\" style=\"margin-bottom: 15.0pt; text-align: justify;\"><span style=\"color: #404040;\">O BCC UNIFAL-MG busca oferecer aos discentes uma excelente forma\u00e7\u00e3o nos aspectos de ensino, pesquisa e extens\u00e3o, assim como promover a\u00e7\u00f5es que beneficiem a sociedade no qual est\u00e1 inserido.<\/span><\/p>\n","protected":false},"excerpt":{"rendered":"<p>O Curso de Ci\u00eancia da Computa\u00e7\u00e3o \u2013 Bacharelado (BCC), na UNIFAL-MG, foi aprovado pelo Conselho Superior em sua 5\u00aa reuni\u00e3o realizada em 20\/03\/2006, pela Resolu\u00e7\u00e3o N\u00ba 008\/2006. O corpo docente \u00e9 composto por 12 professores, considerando-se somente os respons\u00e1veis por disciplinas espec\u00edficas da Ci\u00eancia da Computa\u00e7\u00e3o. A primeira turma ingressou no ano de 2006, no <a class=\"more-link\" href=\"https:\/\/www.bcc.unifal-mg.edu.br\/portal\/graduacao\/historia\/\">Leia mais&#8230; &raquo;<\/a><\/p>\n","protected":false},"author":1,"featured_media":0,"parent":23,"menu_order":0,"comment_status":"closed","ping_status":"closed","template":"","meta":[],"_links":{"self":[{"href":"https:\/\/www.bcc.unifal-mg.edu.br\/portal\/wp-json\/wp\/v2\/pages\/195"}],"collection":[{"href":"https:\/\/www.bcc.unifal-mg.edu.br\/portal\/wp-json\/wp\/v2\/pages"}],"about":[{"href":"https:\/\/www.bcc.unifal-mg.edu.br\/portal\/wp-json\/wp\/v2\/types\/page"}],"author":[{"embeddable":true,"href":"https:\/\/www.bcc.unifal-mg.edu.br\/portal\/wp-json\/wp\/v2\/users\/1"}],"replies":[{"embeddable":true,"href":"https:\/\/www.bcc.unifal-mg.edu.br\/portal\/wp-json\/wp\/v2\/comments?post=195"}],"version-history":[{"count":2,"href":"https:\/\/www.bcc.unifal-mg.edu.br\/portal\/wp-json\/wp\/v2\/pages\/195\/revisions"}],"predecessor-version":[{"id":1173,"href":"https:\/\/www.bcc.unifal-mg.edu.br\/portal\/wp-json\/wp\/v2\/pages\/195\/revisions\/1173"}],"up":[{"embeddable":true,"href":"https:\/\/www.bcc.unifal-mg.edu.br\/portal\/wp-json\/wp\/v2\/pages\/23"}],"wp:attachment":[{"href":"https:\/\/www.bcc.unifal-mg.edu.br\/portal\/wp-json\/wp\/v2\/media?parent=195"}],"curies":[{"name":"wp","href":"https:\/\/api.w.org\/{rel}","templated":true}]}}